{"id":1311,"date":"2021-11-23T10:19:39","date_gmt":"2021-11-23T09:19:39","guid":{"rendered":"https:\/\/www.svdjk-kleinenberg.de\/?page_id=1311"},"modified":"2026-05-04T21:06:08","modified_gmt":"2026-05-04T19:06:08","slug":"bogensport","status":"publish","type":"page","link":"https:\/\/www.svdjk-kleinenberg.de\/index.php\/bogensport\/","title":{"rendered":"Bogensport"},"content":{"rendered":"\t\t<div data-elementor-type=\"wp-page\" data-elementor-id=\"1311\" class=\"elementor elementor-1311\">\n\t\t\t\t\t\t<section class=\"elementor-section elementor-top-section elementor-element elementor-element-790fbf11 elementor-section-boxed elementor-section-height-default elementor-section-height-default\" data-id=\"790fbf11\" data-element_type=\"section\" data-e-type=\"section\">\n\t\t\t\t\t\t<div class=\"elementor-container elementor-column-gap-default\">\n\t\t\t\t\t<div class=\"elementor-column elementor-col-100 elementor-top-column elementor-element elementor-element-5446d439\" data-id=\"5446d439\" data-element_type=\"column\" data-e-type=\"column\">\n\t\t\t<div class=\"elementor-widget-wrap elementor-element-populated\">\n\t\t\t\t\t\t<div class=\"elementor-element elementor-element-60a93c36 elementor-widget elementor-widget-text-editor\" data-id=\"60a93c36\" data-element_type=\"widget\" data-e-type=\"widget\" data-widget_type=\"text-editor.default\">\n\t\t\t\t<div class=\"elementor-widget-container\">\n\t\t\t\t\t\t\t\t\t<p><\/p>\n<p>Die Bogensport-Freunde gehen seit 2002 ihrem Hobby nach und trainieren sowohl auf dem vereinseigenen Bogensport-Gel\u00e4nde als auch in der Sporthalle. Die Gruppe nimmt regelm\u00e4\u00dfig an Turnieren und Veranstaltungen teil, richtet auch selber Turniere aus und ist Mitglied im Deutschen Sch\u00fctzenbund. Im Jahr 2007 brachte die Abteilung mit Denise Hagel\u00fcken eine Deutsche Meisterin hervor.<\/p>\n<p><\/p>\n<p><\/p>\n<p>Ansprechpartner:<\/p>\n<p><\/p>\n<p><\/p>\n<p>Frank Kazmierczak<\/p>\n<p><\/p>\n<p><\/p>\n<p>F\u00fcr Anfragen nutzen Sie bitte das <a href=\"https:\/\/www.svdjk-kleinenberg.de\/index.php\/kontakt\/\">Kontaktformular.<\/a><\/p>\n<p><\/p>\t\t\t\t\t\t\t\t<\/div>\n\t\t\t\t<\/div>\n\t\t\t\t\t<\/div>\n\t\t<\/div>\n\t\t\t\t\t<\/div>\n\t\t<\/section>\n\t\t\t\t<\/div>\n\t\t","protected":false},"excerpt":{"rendered":"<p>Die Bogensport-Freunde gehen seit 2002 ihrem Hobby nach und trainieren sowohl auf dem vereinseigenen Bogensport-Gel\u00e4nde als auch in der Sporthalle. Die Gruppe nimmt regelm\u00e4\u00dfig an Turnieren und Veranstaltungen teil, richtet auch selber Turniere aus und ist Mitglied im Deutschen Sch\u00fctzenbund. Im Jahr 2007 brachte die Abteilung mit Denise Hagel\u00fcken eine Deutsche Meisterin hervor. Ansprechpartner: Frank &hellip; <a href=\"https:\/\/www.svdjk-kleinenberg.de\/index.php\/bogensport\/\" class=\"more-link\"><span class=\"screen-reader-text\">\u201eBogensport\u201c <\/span>weiterlesen<\/a><\/p>\n","protected":false},"author":1,"featured_media":0,"parent":0,"menu_order":0,"comment_status":"closed","ping_status":"closed","template":"","meta":{"_seopress_robots_primary_cat":"","_seopress_titles_title":"","_seopress_titles_desc":"","_seopress_robots_index":"","ngg_post_thumbnail":0,"footnotes":""},"class_list":["post-1311","page","type-page","status-publish","hentry"],"_links":{"self":[{"href":"https:\/\/www.svdjk-kleinenberg.de\/index.php\/wp-json\/wp\/v2\/pages\/1311","targetHints":{"allow":["GET"]}}],"collection":[{"href":"https:\/\/www.svdjk-kleinenberg.de\/index.php\/wp-json\/wp\/v2\/pages"}],"about":[{"href":"https:\/\/www.svdjk-kleinenberg.de\/index.php\/wp-json\/wp\/v2\/types\/page"}],"author":[{"embeddable":true,"href":"https:\/\/www.svdjk-kleinenberg.de\/index.php\/wp-json\/wp\/v2\/users\/1"}],"replies":[{"embeddable":true,"href":"https:\/\/www.svdjk-kleinenberg.de\/index.php\/wp-json\/wp\/v2\/comments?post=1311"}],"version-history":[{"count":4,"href":"https:\/\/www.svdjk-kleinenberg.de\/index.php\/wp-json\/wp\/v2\/pages\/1311\/revisions"}],"predecessor-version":[{"id":3964,"href":"https:\/\/www.svdjk-kleinenberg.de\/index.php\/wp-json\/wp\/v2\/pages\/1311\/revisions\/3964"}],"wp:attachment":[{"href":"https:\/\/www.svdjk-kleinenberg.de\/index.php\/wp-json\/wp\/v2\/media?parent=1311"}],"curies":[{"name":"wp","href":"https:\/\/api.w.org\/{rel}","templated":true}]}}