{"id":1315,"date":"2021-11-23T10:20:59","date_gmt":"2021-11-23T09:20:59","guid":{"rendered":"https:\/\/www.svdjk-kleinenberg.de\/?page_id=1315"},"modified":"2021-11-24T08:08:23","modified_gmt":"2021-11-24T07:08:23","slug":"gesundheitssport","status":"publish","type":"page","link":"https:\/\/www.svdjk-kleinenberg.de\/index.php\/gesundheitssport\/","title":{"rendered":"Gesundheitssport"},"content":{"rendered":"\n<p>Unser Verein bietet mit den Angeboten R\u00fccken Fit, Reha Sport und Zumba mehrere M\u00f6glichkeiten die Gesundheit zu f\u00f6rdern und fit zu bleiben. Die Angebote finden in der Sporthalle statt.<\/p>\n\n\n\n<p>Ansprechpartnerin: <\/p>\n\n\n\n<p>Christina Dickgreber<\/p>\n\n\n\n<p>F\u00fcr Anfragen nutzen Sie bitte das <a href=\"https:\/\/www.svdjk-kleinenberg.de\/index.php\/kontakt\/\">Kontaktformular.<\/a><\/p>\n","protected":false},"excerpt":{"rendered":"<p>Unser Verein bietet mit den Angeboten R\u00fccken Fit, Reha Sport und Zumba mehrere M\u00f6glichkeiten die Gesundheit zu f\u00f6rdern und fit zu bleiben. Die Angebote finden in der Sporthalle statt. Ansprechpartnerin: Christina Dickgreber F\u00fcr Anfragen nutzen Sie bitte das Kontaktformular.<\/p>\n","protected":false},"author":1,"featured_media":0,"parent":0,"menu_order":0,"comment_status":"closed","ping_status":"closed","template":"","meta":{"_seopress_robots_primary_cat":"","_seopress_titles_title":"","_seopress_titles_desc":"","_seopress_robots_index":"","ngg_post_thumbnail":0,"footnotes":""},"class_list":["post-1315","page","type-page","status-publish","hentry"],"_links":{"self":[{"href":"https:\/\/www.svdjk-kleinenberg.de\/index.php\/wp-json\/wp\/v2\/pages\/1315","targetHints":{"allow":["GET"]}}],"collection":[{"href":"https:\/\/www.svdjk-kleinenberg.de\/index.php\/wp-json\/wp\/v2\/pages"}],"about":[{"href":"https:\/\/www.svdjk-kleinenberg.de\/index.php\/wp-json\/wp\/v2\/types\/page"}],"author":[{"embeddable":true,"href":"https:\/\/www.svdjk-kleinenberg.de\/index.php\/wp-json\/wp\/v2\/users\/1"}],"replies":[{"embeddable":true,"href":"https:\/\/www.svdjk-kleinenberg.de\/index.php\/wp-json\/wp\/v2\/comments?post=1315"}],"version-history":[{"count":2,"href":"https:\/\/www.svdjk-kleinenberg.de\/index.php\/wp-json\/wp\/v2\/pages\/1315\/revisions"}],"predecessor-version":[{"id":1390,"href":"https:\/\/www.svdjk-kleinenberg.de\/index.php\/wp-json\/wp\/v2\/pages\/1315\/revisions\/1390"}],"wp:attachment":[{"href":"https:\/\/www.svdjk-kleinenberg.de\/index.php\/wp-json\/wp\/v2\/media?parent=1315"}],"curies":[{"name":"wp","href":"https:\/\/api.w.org\/{rel}","templated":true}]}}